{"id":10741,"date":"2023-05-18T21:46:50","date_gmt":"2023-05-18T19:46:50","guid":{"rendered":"https:\/\/filharmoniasudecka.pl\/?page_id=10741"},"modified":"2024-05-21T12:17:24","modified_gmt":"2024-05-21T10:17:24","slug":"the-sudeten-philharmonic-mixed-choir","status":"publish","type":"page","link":"https:\/\/filharmoniasudecka.pl\/en\/the-sudeten-philharmonic-mixed-choir\/","title":{"rendered":"The Sudeten Philharmonic Mixed Choir"},"content":{"rendered":"\n<p><strong>The Sudeten Philharmonic Mixed Choir <\/strong>consists of about 30 people who, with their energy, commitment and passion for singing together, create a world that gives a chance to break away from everyday life and move into the elusive space of art. The choir was established in October 2014 by Director El\u017cbieta \u0141aganowska, and its first conductor was Mr Jerzy Kosek. The choir initiated its concert activity on February 1, 2015, with a concert of Christmas carols arranged by Pawe\u0142 Stuczy\u0144ski, accompanied by the Sudeten Philharmonic Orchestra.<\/p>\n\n\n\n<p>I remember the faces of the musicians who saw us at our first rehearsal together. Already during the rehearsal, admiring glances were thrown at us, but I will never forget the row of strings and instruments that the musicians created for us as were leaving the stage (as remembered by one of the choristers). Next, numerous concerts were organised under the baton of the successive conductor of the Choir, Bogus\u0142awa Bednarczyk. These were a cappella concerts, concerts with orchestra and soloists, and with piano accompaniment.<\/p>\n\n\n\n<p>Under the leadership of Ewa G\u0105dek-Rosiak, the choir operated from September 2020 to January 2023. During this period it performed, among others a film music concert with the Sudeten Philharmonic Orchestra. It was a unique event thanks to the arrangements by Dawid Aleksy Doro\u017cy\u0144ski, who, together with conductor Ewa G\u0105dek-Rosiak, wanted to show a new vision of concerts with film music. In addition to the numerous a cappella concerts presented at that time, the choir sang in October 2022 a performance of Roger Treece&#8217;s Cantata Beatrice under the direction of the composer, the latter singing and improvising. It was a great and hugely inspiring event for the choristers.<\/p>\n\n\n\n<p>Since its inception, the choir has welcomed several dozen singing enthusiasts, most of whom are still in touch with the group. Today, the Sudeten Philharmonic Mixed Choir is made up of people of different ages and professions, united by a great love for music and the joy of performing it.<\/p>\n\n\n\n<p><strong>Rehearsals take place on Mondays and Wednesdays from 7 pm to 9 pm in the Sudeten Philharmonic Concert Hall.<\/strong> For details of the Choir&#8217;s work see our website and social media.<\/p>\n\n\n\n<figure class=\"wp-block-image is-resized\"><a href=\"https:\/\/www.facebook.com\/chfsww\/\"><img  loading=\"lazy\"  decoding=\"async\"  width=\"225\"  height=\"225\"  src=\"data:image\/png;base64,iVBORw0KGgoAAAANSUhEUgAAAAEAAAABAQMAAAAl21bKAAAAA1BMVEUAAP+KeNJXAAAAAXRSTlMAQObYZgAAAAlwSFlzAAAOxAAADsQBlSsOGwAAAApJREFUCNdjYAAAAAIAAeIhvDMAAAAASUVORK5CYII=\"  alt=\"\"  class=\"wp-image-9595 pk-lazyload\"  style=\"width:54px;height:auto\"  data-pk-sizes=\"auto\"  data-ls-sizes=\"auto, (max-width: 225px) 100vw, 225px\"  data-pk-src=\"https:\/\/filharmoniasudecka.pl\/wp-content\/uploads\/2023\/05\/fb.png\"  data-pk-srcset=\"https:\/\/filharmoniasudecka.pl\/wp-content\/uploads\/2023\/05\/fb.png 225w, https:\/\/filharmoniasudecka.pl\/wp-content\/uploads\/2023\/05\/fb-150x150.png 150w, https:\/\/filharmoniasudecka.pl\/wp-content\/uploads\/2023\/05\/fb-80x80.png 80w, https:\/\/filharmoniasudecka.pl\/wp-content\/uploads\/2023\/05\/fb-100x100.png 100w\" ><\/a><\/figure>\n\n\n\n<p><strong>CONTACT:<\/strong><\/p>\n\n\n\n<p><\/p>\n\n\n\n<div class=\"wp-block-media-text is-stacked-on-mobile\" style=\"grid-template-columns:32% auto\"><figure class=\"wp-block-media-text__media\"><img  loading=\"lazy\"  decoding=\"async\"  width=\"1024\"  height=\"1024\"  src=\"data:image\/png;base64,iVBORw0KGgoAAAANSUhEUgAACgAAAAoAAQMAAABHmumbAAAAA1BMVEUAAP+KeNJXAAAAAXRSTlMAQObYZgAAAAlwSFlzAAAOxAAADsQBlSsOGwAAAzNJREFUeNrtwYEAAAAAw6D5U9\/gBFUBAAAAAAAAAAAAAAAAAAAAAAAAAAAAAAAAAAAAAAAAAAAAAAAAAAAAAAAAAAAAAAAAAAAAAAAAAAAAAAAAAAAAAAAAAAAAAAAAAAAAAAAAAAAAAAAAAAAAAAAAAAAAAAAAAAAAAAAAAAAAAAAAAAAAAAAAAAAAAAAAAAAAAAAAAAAAAAAAAAAAAAAAAAAAAAAAAAAAAAAAAAAAAAAAAAAAAAAAAAAAAAAAAAAAAAAAAAAAAAAAAAAAAAAAAAAAAAAAAAAAAAAAAAAAAAAAAAAAAAAAAAAAAAAAAAAAAAAAAAAAAAAAAAAAAAAAAAAAAAAAAAAAAAAAAAAAAAAAAAAAAAAAAAAAAAAAAAAAAAAAAAAAAAAAAAAAAAAAAAAAAAAAAAAAAAAAAAAAAAAAAAAAAAAAAAAAAAAAAAAAAAAAAAAAAAAAAAAAAAAAAAAAAAAAAAAAAAAAAAAAAAAAAAAAAAAAAAAAAAAAAAAAAAAAAAAAAAAAAAAAAAAAAAAAAAAAAAAAAAAAAAAAAAAAAAAAAAAAAAAAAAAAAAAAAAAAAAAAAAAAAAAAAAAAAAAAAAAAAAAAAAAAAAAAAAAAAAAAAAAAAAAAAAAAAAAAAAAAAAAAAAAAAAAAAAAAAAAAAAAAAAAAAAAAAAAAAAAAAAAAAAAAAAAAAAAAAAAAAAAAAAAAAAAAAAAAAAAAAAAAAAAAAAAAAAAAAAAAAAAAAAAAAAAAAAAAAAAAAAAAAAAAAAAAAAAAAAAAAAAAAAAAAAAAAAAAAAAAAAAAAAAAAAAAAAAAAAAAAAAAAAAAAAAAAAAAAAAAAAAAAAAAAAAAAAAAAAAAAAAAAAAAAAAAAAAAAAAAAAAAAAAAAAAAAAAAAAAAAAAAAAAAAAAAAAAAAAAAAAAAAAAAAAAAAAAAAAAAAAAAAAAAAAAAAAAAAAAAAAAAAAAAAAAAAAAAAAAAAAAAAAAAAAAAAAAAAAAAAAAAAAAAAAAAAAAAAAAAAAAAAAAAAAAAAAAAAAAAAAAAAAAAAAAAAAAAAAAAAAAAAAAAAAAAAAAAAAAAAAAA8AyKtAABxtpncgAAAABJRU5ErkJggg==\"  alt=\"\"  class=\"wp-image-8262 size-full pk-lazyload\"  data-pk-sizes=\"auto\"  data-ls-sizes=\"auto, (max-width: 1024px) 100vw, 1024px\"  data-pk-src=\"https:\/\/filharmoniasudecka.pl\/wp-content\/uploads\/2023\/10\/M.-Moneta-foto4-1024x1024.jpg\"  data-pk-srcset=\"https:\/\/filharmoniasudecka.pl\/wp-content\/uploads\/2023\/10\/M.-Moneta-foto4-1024x1024.jpg 1024w, https:\/\/filharmoniasudecka.pl\/wp-content\/uploads\/2023\/10\/M.-Moneta-foto4-300x300.jpg 300w, https:\/\/filharmoniasudecka.pl\/wp-content\/uploads\/2023\/10\/M.-Moneta-foto4-150x150.jpg 150w, https:\/\/filharmoniasudecka.pl\/wp-content\/uploads\/2023\/10\/M.-Moneta-foto4-768x768.jpg 768w, https:\/\/filharmoniasudecka.pl\/wp-content\/uploads\/2023\/10\/M.-Moneta-foto4-1536x1536.jpg 1536w, https:\/\/filharmoniasudecka.pl\/wp-content\/uploads\/2023\/10\/M.-Moneta-foto4-2048x2048.jpg 2048w, https:\/\/filharmoniasudecka.pl\/wp-content\/uploads\/2023\/10\/M.-Moneta-foto4-80x80.jpg 80w, https:\/\/filharmoniasudecka.pl\/wp-content\/uploads\/2023\/10\/M.-Moneta-foto4-100x100.jpg 100w, https:\/\/filharmoniasudecka.pl\/wp-content\/uploads\/2023\/10\/M.-Moneta-foto4-416x416.jpg 416w, https:\/\/filharmoniasudecka.pl\/wp-content\/uploads\/2023\/10\/M.-Moneta-foto4-856x856.jpg 856w, https:\/\/filharmoniasudecka.pl\/wp-content\/uploads\/2023\/10\/M.-Moneta-foto4-1296x1296.jpg 1296w, https:\/\/filharmoniasudecka.pl\/wp-content\/uploads\/2023\/10\/M.-Moneta-foto4-1320x1320.jpg 1320w, https:\/\/filharmoniasudecka.pl\/wp-content\/uploads\/2023\/10\/M.-Moneta-foto4-scaled.jpg 2560w\" ><\/figure><div class=\"wp-block-media-text__content\">\n<p><strong>Marta Moneta<\/strong><br>choir director<br>chor.mieszany@filharmoniasudecka.pl<\/p>\n<\/div><\/div>\n","protected":false},"excerpt":{"rendered":"The Sudeten Philharmonic Mixed Choir consists of about 30 people who, with their energy, commitment and passion for&hellip;\n","protected":false},"author":11,"featured_media":0,"parent":0,"menu_order":0,"comment_status":"closed","ping_status":"closed","template":"","meta":{"_price":"","_stock":"","_tribe_ticket_header":"","_tribe_default_ticket_provider":"","_ticket_start_date":"","_ticket_end_date":"","_tribe_ticket_show_description":"","_tribe_ticket_show_not_going":false,"_tribe_ticket_use_global_stock":"","_tribe_ticket_global_stock_level":"","_global_stock_mode":"","_global_stock_cap":"","_tribe_rsvp_for_event":"","_tribe_ticket_going_count":"","_tribe_ticket_not_going_count":"","_tribe_tickets_list":"[]","_tribe_ticket_has_attendee_info_fields":false,"csco_display_header_overlay":false,"csco_disable_site_padding":false,"csco_singular_sidebar":"","csco_page_header_type":"","csco_page_load_nextpost":"","csco_post_video_location":[],"csco_post_video_location_hash":"","csco_post_video_url":"","csco_post_video_bg_start_time":0,"csco_post_video_bg_end_time":0,"footnotes":""},"class_list":["post-10741","page","type-page","status-publish","cs-entry","cs-video-wrap"],"_links":{"self":[{"href":"https:\/\/filharmoniasudecka.pl\/en\/wp-json\/wp\/v2\/pages\/10741","targetHints":{"allow":["GET"]}}],"collection":[{"href":"https:\/\/filharmoniasudecka.pl\/en\/wp-json\/wp\/v2\/pages"}],"about":[{"href":"https:\/\/filharmoniasudecka.pl\/en\/wp-json\/wp\/v2\/types\/page"}],"author":[{"embeddable":true,"href":"https:\/\/filharmoniasudecka.pl\/en\/wp-json\/wp\/v2\/users\/11"}],"replies":[{"embeddable":true,"href":"https:\/\/filharmoniasudecka.pl\/en\/wp-json\/wp\/v2\/comments?post=10741"}],"version-history":[{"count":1,"href":"https:\/\/filharmoniasudecka.pl\/en\/wp-json\/wp\/v2\/pages\/10741\/revisions"}],"predecessor-version":[{"id":10743,"href":"https:\/\/filharmoniasudecka.pl\/en\/wp-json\/wp\/v2\/pages\/10741\/revisions\/10743"}],"wp:attachment":[{"href":"https:\/\/filharmoniasudecka.pl\/en\/wp-json\/wp\/v2\/media?parent=10741"}],"curies":[{"name":"wp","href":"https:\/\/api.w.org\/{rel}","templated":true}]}}

<p><strong>The Sudeten Philharmonic Mixed Choir </strong>consists of about 30 people who, with their energy, commitment and passion for singing together, create a world that gives a chance to break away from everyday life and move into the elusive space of art. The choir was established in October 2014 by Director Elżbieta Łaganowska, and its first conductor was Mr Jerzy Kosek. The choir initiated its concert activity on February 1, 2015, with a concert of Christmas carols arranged by Paweł Stuczyński, accompanied by the Sudeten Philharmonic Orchestra.</p>



<p>I remember the faces of the musicians who saw us at our first rehearsal together. Already during the rehearsal, admiring glances were thrown at us, but I will never forget the row of strings and instruments that the musicians created for us as were leaving the stage (as remembered by one of the choristers). Next, numerous concerts were organised under the baton of the successive conductor of the Choir, Bogusława Bednarczyk. These were a cappella concerts, concerts with orchestra and soloists, and with piano accompaniment.</p>



<p>Under the leadership of Ewa Gądek-Rosiak, the choir operated from September 2020 to January 2023. During this period it performed, among others a film music concert with the Sudeten Philharmonic Orchestra. It was a unique event thanks to the arrangements by Dawid Aleksy Dorożyński, who, together with conductor Ewa Gądek-Rosiak, wanted to show a new vision of concerts with film music. In addition to the numerous a cappella concerts presented at that time, the choir sang in October 2022 a performance of Roger Treece&#8217;s Cantata Beatrice under the direction of the composer, the latter singing and improvising. It was a great and hugely inspiring event for the choristers.</p>



<p>Since its inception, the choir has welcomed several dozen singing enthusiasts, most of whom are still in touch with the group. Today, the Sudeten Philharmonic Mixed Choir is made up of people of different ages and professions, united by a great love for music and the joy of performing it.</p>



<p><strong>Rehearsals take place on Mondays and Wednesdays from 7 pm to 9 pm in the Sudeten Philharmonic Concert Hall.</strong> For details of the Choir&#8217;s work see our website and social media.</p>



<figure class="wp-block-image is-resized"><a href="https://www.facebook.com/chfsww/"><img  loading="lazy"  decoding="async"  width="225"  height="225"  src="data:image/png;base64,iVBORw0KGgoAAAANSUhEUgAAAAEAAAABAQMAAAAl21bKAAAAA1BMVEUAAP+KeNJXAAAAAXRSTlMAQObYZgAAAAlwSFlzAAAOxAAADsQBlSsOGwAAAApJREFUCNdjYAAAAAIAAeIhvDMAAAAASUVORK5CYII="  alt=""  class="wp-image-9595 pk-lazyload"  style="width:54px;height:auto"  data-pk-sizes="auto"  data-ls-sizes="auto, (max-width: 225px) 100vw, 225px"  data-pk-src="https://filharmoniasudecka.pl/wp-content/uploads/2023/05/fb.png"  data-pk-srcset="https://filharmoniasudecka.pl/wp-content/uploads/2023/05/fb.png 225w, https://filharmoniasudecka.pl/wp-content/uploads/2023/05/fb-150x150.png 150w, https://filharmoniasudecka.pl/wp-content/uploads/2023/05/fb-80x80.png 80w, https://filharmoniasudecka.pl/wp-content/uploads/2023/05/fb-100x100.png 100w" ></a></figure>



<p><strong>CONTACT:</strong></p>



<p></p>



<div class="wp-block-media-text is-stacked-on-mobile" style="grid-template-columns:32% auto"><figure class="wp-block-media-text__media"><img  loading="lazy"  decoding="async"  width="1024"  height="1024"  src="data:image/png;base64,iVBORw0KGgoAAAANSUhEUgAACgAAAAoAAQMAAABHmumbAAAAA1BMVEUAAP+KeNJXAAAAAXRSTlMAQObYZgAAAAlwSFlzAAAOxAAADsQBlSsOGwAAAzNJREFUeNrtwYEAAAAAw6D5U9/gBFUBAAAAAAAAAAAAAAAAAAAAAAAAAAAAAAAAAAAAAAAAAAAAAAAAAAAAAAAAAAAAAAAAAAAAAAAAAAAAAAAAAAAAAAAAAAAAAAAAAAAAAAAAAAAAAAAAAAAAAAAAAAAAAAAAAAAAAAAAAAAAAAAAAAAAAAAAAAAAAAAAAAAAAAAAAAAAAAAAAAAAAAAAAAAAAAAAAAAAAAAAAAAAAAAAAAAAAAAAAAAAAAAAAAAAAAAAAAAAAAAAAAAAAAAAAAAAAAAAAAAAAAAAAAAAAAAAAAAAAAAAAAAAAAAAAAAAAAAAAAAAAAAAAAAAAAAAAAAAAAAAAAAAAAAAAAAAAAAAAAAAAAAAAAAAAAAAAAAAAAAAAAAAAAAAAAAAAAAAAAAAAAAAAAAAAAAAAAAAAAAAAAAAAAAAAAAAAAAAAAAAAAAAAAAAAAAAAAAAAAAAAAAAAAAAAAAAAAAAAAAAAAAAAAAAAAAAAAAAAAAAAAAAAAAAAAAAAAAAAAAAAAAAAAAAAAAAAAAAAAAAAAAAAAAAAAAAAAAAAAAAAAAAAAAAAAAAAAAAAAAAAAAAAAAAAAAAAAAAAAAAAAAAAAAAAAAAAAAAAAAAAAAAAAAAAAAAAAAAAAAAAAAAAAAAAAAAAAAAAAAAAAAAAAAAAAAAAAAAAAAAAAAAAAAAAAAAAAAAAAAAAAAAAAAAAAAAAAAAAAAAAAAAAAAAAAAAAAAAAAAAAAAAAAAAAAAAAAAAAAAAAAAAAAAAAAAAAAAAAAAAAAAAAAAAAAAAAAAAAAAAAAAAAAAAAAAAAAAAAAAAAAAAAAAAAAAAAAAAAAAAAAAAAAAAAAAAAAAAAAAAAAAAAAAAAAAAAAAAAAAAAAAAAAAAAAAAAAAAAAAAAAAAAAAAAAAAAAAAAAAAAAAAAAAAAAAAAAAAAAAAAAAAAAAAAAAAAAAAAAAAAAAAAAAAAAAAAAAAAAAAAAAAAAAAAAAAAAAAAAAAAAAAAAAAAAAAAAAAAAAAAAAAAAAAAAAAAAAAAAAAAAAAAAAAAAAAAAAAAAAAAAAAAAAAAAAAAAAAAAAA8AyKtAABxtpncgAAAABJRU5ErkJggg=="  alt=""  class="wp-image-8262 size-full pk-lazyload"  data-pk-sizes="auto"  data-ls-sizes="auto, (max-width: 1024px) 100vw, 1024px"  data-pk-src="https://filharmoniasudecka.pl/wp-content/uploads/2023/10/M.-Moneta-foto4-1024x1024.jpg"  data-pk-srcset="https://filharmoniasudecka.pl/wp-content/uploads/2023/10/M.-Moneta-foto4-1024x1024.jpg 1024w, https://filharmoniasudecka.pl/wp-content/uploads/2023/10/M.-Moneta-foto4-300x300.jpg 300w, https://filharmoniasudecka.pl/wp-content/uploads/2023/10/M.-Moneta-foto4-150x150.jpg 150w, https://filharmoniasudecka.pl/wp-content/uploads/2023/10/M.-Moneta-foto4-768x768.jpg 768w, https://filharmoniasudecka.pl/wp-content/uploads/2023/10/M.-Moneta-foto4-1536x1536.jpg 1536w, https://filharmoniasudecka.pl/wp-content/uploads/2023/10/M.-Moneta-foto4-2048x2048.jpg 2048w, https://filharmoniasudecka.pl/wp-content/uploads/2023/10/M.-Moneta-foto4-80x80.jpg 80w, https://filharmoniasudecka.pl/wp-content/uploads/2023/10/M.-Moneta-foto4-100x100.jpg 100w, https://filharmoniasudecka.pl/wp-content/uploads/2023/10/M.-Moneta-foto4-416x416.jpg 416w, https://filharmoniasudecka.pl/wp-content/uploads/2023/10/M.-Moneta-foto4-856x856.jpg 856w, https://filharmoniasudecka.pl/wp-content/uploads/2023/10/M.-Moneta-foto4-1296x1296.jpg 1296w, https://filharmoniasudecka.pl/wp-content/uploads/2023/10/M.-Moneta-foto4-1320x1320.jpg 1320w, https://filharmoniasudecka.pl/wp-content/uploads/2023/10/M.-Moneta-foto4-scaled.jpg 2560w" ></figure><div class="wp-block-media-text__content">
<p><strong>Marta Moneta</strong><br>choir director<br>chor.mieszany@filharmoniasudecka.pl</p>
</div></div>
