{"id":10875,"date":"2024-04-17T12:03:21","date_gmt":"2024-04-17T10:03:21","guid":{"rendered":"https:\/\/filharmoniasudecka.pl\/?page_id=10875"},"modified":"2025-04-09T13:19:26","modified_gmt":"2025-04-09T11:19:26","slug":"princess-daisy-festival-eng","status":"publish","type":"page","link":"https:\/\/filharmoniasudecka.pl\/en\/princess-daisy-festival-eng\/","title":{"rendered":"Princess Daisy Festival"},"content":{"rendered":"\n<div class=\"wp-block-media-text is-stacked-on-mobile\" style=\"grid-template-columns:47% auto\"><figure class=\"wp-block-media-text__media\"><img  loading=\"lazy\"  decoding=\"async\"  width=\"996\"  height=\"560\"  src=\"data:image\/png;base64,iVBORw0KGgoAAAANSUhEUgAAA+QAAAIwAQMAAAA1SzPfAAAAA1BMVEUAAP+KeNJXAAAAAXRSTlMAQObYZgAAAAlwSFlzAAAOxAAADsQBlSsOGwAAAFtJREFUeNrtwTEBAAAAwqD1T20MH6AAAAAAAAAAAAAAAAAAAAAAAAAAAAAAAAAAAAAAAAAAAAAAAAAAAAAAAAAAAAAAAAAAAAAAAAAAAAAAAAAAAAAAAAAAAHgaE68AAYgq3WgAAAAASUVORK5CYII=\"  alt=\"\"  class=\"wp-image-15684 size-full pk-lazyload\"  data-pk-sizes=\"auto\"  data-ls-sizes=\"auto, (max-width: 996px) 100vw, 996px\"  data-pk-src=\"https:\/\/filharmoniasudecka.pl\/wp-content\/uploads\/2025\/04\/Daisy-ogolne.jpg\"  data-pk-srcset=\"https:\/\/filharmoniasudecka.pl\/wp-content\/uploads\/2025\/04\/Daisy-ogolne.jpg 996w, https:\/\/filharmoniasudecka.pl\/wp-content\/uploads\/2025\/04\/Daisy-ogolne-300x169.jpg 300w, https:\/\/filharmoniasudecka.pl\/wp-content\/uploads\/2025\/04\/Daisy-ogolne-768x432.jpg 768w, https:\/\/filharmoniasudecka.pl\/wp-content\/uploads\/2025\/04\/Daisy-ogolne-416x234.jpg 416w, https:\/\/filharmoniasudecka.pl\/wp-content\/uploads\/2025\/04\/Daisy-ogolne-856x481.jpg 856w\" ><\/figure><div class=\"wp-block-media-text__content\">\n<p>During its over twenty-year history, the festival has undergone many transformations, including changing its name, graphic design and formula. It changed the date and experimented with changing venues (few people may remember that for two of its editions it was also held in Pszczyna or that for several years concerts were organized in various places in Wa\u0142brzych: such as the Town Hall, the Evangelical Church, a hospital or, for example, in the library in \u015awiebodzice).<\/p>\n<\/div><\/div>\n\n\n\n<p>The festival adapts to the needs, conditions and possibilities. However, one thing has not changed and will never change: the sense of mission. The desire to share beauty, meet in a unique atmosphere, experience beautiful music and make sure that there is \u201csomething else\u201d in our lives, \u201csomething\u201d beyond the ordinariness of everyday existence.<\/p>\n\n\n\n<p>From 2023 Princess Daisy Festival&#8217;s main organizer is the Sudeten Philharmonic in Wa\u0142brzych.<\/p>\n\n\n\n<p><strong>Festival&#8217;s artistic director: Marcin Markowicz<\/strong><\/p>\n\n\n\n<h4 id=\"22nd-princess-daisy-festival-2025-programme\" class=\"wp-block-heading\">22nd Princess Daisy Festival (2025) &#8211; programme<\/h4>\n\n\n\n<p><strong>I. INAUGURATION CONCERT<br>26.06.2025, Thursday, 7pm<\/strong><br>Wa\u0142brzych, Sudeten Philharmonic<br><strong>Inauguration concert \u2013 Mysterium musicum<\/strong><\/p>\n\n\n\n<p><strong>Performers:<br>Agnieszka Frank\u00f3w-\u017belazny<\/strong>\u00a0\u2013 conductor<br><strong>Anna Bernacka<\/strong>\u00a0\u2013 mezzo-soprano<br><strong>Sudeten Philharmonic String Orchestra<\/strong><br><strong>Polifonija Choir<\/strong>\u00a0(Szawle, Lithuania)<br><strong>Linas Balandis<\/strong>\u00a0\u2013 choir preparation<\/p>\n\n\n\n<p><strong>Programme:<br>Sven-David Sandstr\u00f6m\u00a0<\/strong>\u2014 Missa Brevis for mezzo-soprano, mixed choir and string orchestra (37\u2019)<br><em>Kyrie eleison (I, III)<br>Christe eleison<br>Gloria in excelsis Deo<br>Et in terra pax<br>Laudamus te<br>Gratias agimus tibi<br>Domine Deus<br>Qui tollis peccata mundi<br>Qui sedes ad dexteram Patris<br>Quinam tu solus sanctus<br>Cum sancto spiritu<br>Sanctus<br>Osanna in excelsis<br>Benedictus<br>Osanna repetatur<br>Agnus Dei<br>Dona nobis pacem<br><\/em><strong>Krzysztof Penderecki\/Boris Pergamenschikow\u00a0<\/strong>\u2014\u00a0<em>Agnus\u00a0Dei<\/em>\u00a0from\u00a0<em>Polish Requiem\u00a0<\/em>for string orchestra (8\u2019)<\/p>\n\n\n\n<p><strong>II. MUSICAL PLAY<br>27.06.2025, Friday, 5pm<\/strong><br>Wa\u0142brzych, Puppet and Actor Theatre<br><strong>Musical play \u2013 Da Capo al Fine (written &amp; directed by Cezary Kosi\u0144ski)<\/strong><\/p>\n\n\n\n<p><strong>Performers:<br>Cezary Kosi\u0144ski<\/strong>\u00a0\u2013 Cezary<br><strong>Anna Lobedan<\/strong>\u00a0\u2013 Ania<br><strong>Marcin Markowicz<\/strong>\u00a0\u2013 musical setting<\/p>\n\n\n\n<p><strong>III. CHAMBER CONCERT<br>27.06.2025, Friday, 8pm<\/strong><br>Wa\u0142brzych, Sudeten Philharmonic<br><strong>Chamber concert \u2013\u00a0<em>In a harmony of dialogue<\/em><\/strong><\/p>\n\n\n\n<p><strong>Performers:<br>Szymon Krzeszowiec<\/strong>\u00a0\u2013 violin<br><strong>Marcin Markowicz<\/strong>\u00a0\u2013 violin<br><strong>Maurycy Stawujak<\/strong>\u00a0\u2013 piano<\/p>\n\n\n\n<p><strong>Programme:<br>B\u00e9la Bart\u00f3k<\/strong>\u00a0\u2013 44 duets for two violins Sz. 98 (a selection) (30\u2032)<br><strong>Maurycy Moszkowski<\/strong>\u00a0\u2014 Suite for two violins and a piano in G major op. 71 (20\u2032)<br><strong>Dymitr Szostakowicz<\/strong>\u00a0\u2014 a selection of compositions for two violins and a piano (7\u2032)<\/p>\n\n\n\n<p><strong>IV. MUSICAL PLAY<br>28.06.2025, Saturday, 12pm<\/strong><br>Soko\u0142owsko, Zdrowie Movie Theater<br><strong>Musical Play \u2013 Da Capo al Fine (written and directed by Cezary Kosi\u0144ski)<\/strong><\/p>\n\n\n\n<p><strong>Perfomers:<br>Cezary Kosi\u0144ski<\/strong>\u00a0\u2013 Cezary<br><strong>Anna Lobedan<\/strong>\u00a0\u2013 Ania<br><strong>Marcin Markowicz<\/strong>\u00a0\u2013 musical setting<\/p>\n\n\n\n<p><strong>V. BIRTHDAY CONCERT<br>28.06.2025, Saturday, 6 pm<\/strong><br>Wa\u0142brzych, Sudeten Philharmonic<br><strong>Masters of Chamber Music: Music from the Turn of the Century<\/strong><\/p>\n\n\n\n<p><strong>Performers:<\/strong><br><strong>Jakub Jakowicz<\/strong>&nbsp;\u2013 violin<br><strong>Katarzyna Budnik<\/strong>&nbsp;\u2013 viola<br><strong>Marcin Zdunik<\/strong>&nbsp;\u2013 cello<br><strong>Grzegorz Mania<\/strong>&nbsp;\u2013 piano<\/p>\n\n\n\n<p><strong>Programme:<\/strong><br><strong>W\u0142adys\u0142aw \u017bele\u0144ski<\/strong>\u00a0\u2013 Piano Quartet in C minor op. 61 (36\u2019)<br><em>Allegro con brio<\/em><br><em>Romanza. Andante sostenuto<\/em><br><em>Intermezzo. Allegretto<\/em><br><em>Finale. Allegro appassionato<\/em><br><strong>Xaver Scharwenka<\/strong>\u00a0\u2013 Piano Quartet in F major op. 37 (40\u2032)<br><em>Allegro moderato<\/em><br><em>Adagio<\/em><br><em>Allegro vivace<\/em><br><em>Allegro con fuoco<\/em><\/p>\n\n\n\n<p><strong>VI. AUDIOVISUAL CONCERT<br>29.06.2025, Sunday, 12pm<\/strong><br>Wa\u0142brzych, Puppet and Actor Theater<br><strong>Audiovisual concert \u2013 Nowy Teatr Youth Orchestra. Consonances<\/strong><\/p>\n\n\n\n<p><strong>Performers:<br>MONT \u2013 Nowy Teatr Youth Orchestra<\/strong><br><strong>Dagna Sadkowska<\/strong>\u00a0\u2013 conductor<br><strong>Sean Palmer<\/strong>\u00a0\u2013 director, audiovisual effects coordinator<\/p>\n\n\n\n<p><strong>Programme:<br><\/strong>Original scores and improvisations to animated films<\/p>\n\n\n\n<p><strong>VII. WORKSHOPS<br>29.06.2025, Sunday, 1pm<\/strong><br>Wa\u0142brzych, Puppet and Actor Theatre<br><strong>Workshops \u2013 SOLAR. Music for a bright future<\/strong><\/p>\n\n\n\n<p><strong>Sean Palmer<\/strong>\u00a0\u2013 instructor<br><strong>Dagna Sadkowska<\/strong>\u00a0\u2013 instructor<br><strong>Edyta O\u0142dak<\/strong>\u00a0\u2013 instructor<\/p>\n\n\n\n<p><strong>VIII. FINAL CONCERT<br>29.06.2025, Sunday, 7pm<\/strong><br>Wa\u0142brzych, Sudeten Philharmonic<br><strong>Final concert \u2013 Maniucha Bikont \u2013 Porz\u0105dki<\/strong><\/p>\n\n\n\n<p><strong>Performers:<br>Maniucha Bikont<\/strong>\u00a0\u2013 vocals, baraban, tube, triangle<br><strong>Assaf Talmudi<\/strong>\u00a0\u2013 accordion, synthesizer, computer, backing vocals<br><strong>Szczepan Pospieszalski<\/strong>\u00a0\u2013 trumpet, synthesizer, backing vocals<br><strong>Ksawery W\u00f3jci\u0144ski<\/strong>\u00a0\u2013 double bass<\/p>\n\n\n\n<p><strong>Programme:<br><\/strong>Compositions from Maniucha Bikont\u2019s\u00a0<em>Porz\u0105dki<\/em>\u00a0album<\/p>\n","protected":false},"excerpt":{"rendered":"During its over twenty-year history, the festival has undergone many transformations, including changing its name, graphic design and&hellip;\n","protected":false},"author":11,"featured_media":0,"parent":0,"menu_order":0,"comment_status":"closed","ping_status":"closed","template":"","meta":{"_price":"","_stock":"","_tribe_ticket_header":"","_tribe_default_ticket_provider":"","_ticket_start_date":"","_ticket_end_date":"","_tribe_ticket_show_description":"","_tribe_ticket_show_not_going":false,"_tribe_ticket_use_global_stock":"","_tribe_ticket_global_stock_level":"","_global_stock_mode":"","_global_stock_cap":"","_tribe_rsvp_for_event":"","_tribe_ticket_going_count":"","_tribe_ticket_not_going_count":"","_tribe_tickets_list":"[]","_tribe_ticket_has_attendee_info_fields":false,"csco_display_header_overlay":false,"csco_disable_site_padding":false,"csco_singular_sidebar":"","csco_page_header_type":"","csco_page_load_nextpost":"","csco_post_video_location":[],"csco_post_video_location_hash":"","csco_post_video_url":"","csco_post_video_bg_start_time":0,"csco_post_video_bg_end_time":0,"footnotes":""},"class_list":["post-10875","page","type-page","status-publish","cs-entry","cs-video-wrap"],"_links":{"self":[{"href":"https:\/\/filharmoniasudecka.pl\/en\/wp-json\/wp\/v2\/pages\/10875","targetHints":{"allow":["GET"]}}],"collection":[{"href":"https:\/\/filharmoniasudecka.pl\/en\/wp-json\/wp\/v2\/pages"}],"about":[{"href":"https:\/\/filharmoniasudecka.pl\/en\/wp-json\/wp\/v2\/types\/page"}],"author":[{"embeddable":true,"href":"https:\/\/filharmoniasudecka.pl\/en\/wp-json\/wp\/v2\/users\/11"}],"replies":[{"embeddable":true,"href":"https:\/\/filharmoniasudecka.pl\/en\/wp-json\/wp\/v2\/comments?post=10875"}],"version-history":[{"count":2,"href":"https:\/\/filharmoniasudecka.pl\/en\/wp-json\/wp\/v2\/pages\/10875\/revisions"}],"predecessor-version":[{"id":15686,"href":"https:\/\/filharmoniasudecka.pl\/en\/wp-json\/wp\/v2\/pages\/10875\/revisions\/15686"}],"wp:attachment":[{"href":"https:\/\/filharmoniasudecka.pl\/en\/wp-json\/wp\/v2\/media?parent=10875"}],"curies":[{"name":"wp","href":"https:\/\/api.w.org\/{rel}","templated":true}]}}

<div class="wp-block-media-text is-stacked-on-mobile" style="grid-template-columns:47% auto"><figure class="wp-block-media-text__media"><img  loading="lazy"  decoding="async"  width="996"  height="560"  src="data:image/png;base64,iVBORw0KGgoAAAANSUhEUgAAA+QAAAIwAQMAAAA1SzPfAAAAA1BMVEUAAP+KeNJXAAAAAXRSTlMAQObYZgAAAAlwSFlzAAAOxAAADsQBlSsOGwAAAFtJREFUeNrtwTEBAAAAwqD1T20MH6AAAAAAAAAAAAAAAAAAAAAAAAAAAAAAAAAAAAAAAAAAAAAAAAAAAAAAAAAAAAAAAAAAAAAAAAAAAAAAAAAAAAAAAAAAAHgaE68AAYgq3WgAAAAASUVORK5CYII="  alt=""  class="wp-image-15684 size-full pk-lazyload"  data-pk-sizes="auto"  data-ls-sizes="auto, (max-width: 996px) 100vw, 996px"  data-pk-src="https://filharmoniasudecka.pl/wp-content/uploads/2025/04/Daisy-ogolne.jpg"  data-pk-srcset="https://filharmoniasudecka.pl/wp-content/uploads/2025/04/Daisy-ogolne.jpg 996w, https://filharmoniasudecka.pl/wp-content/uploads/2025/04/Daisy-ogolne-300x169.jpg 300w, https://filharmoniasudecka.pl/wp-content/uploads/2025/04/Daisy-ogolne-768x432.jpg 768w, https://filharmoniasudecka.pl/wp-content/uploads/2025/04/Daisy-ogolne-416x234.jpg 416w, https://filharmoniasudecka.pl/wp-content/uploads/2025/04/Daisy-ogolne-856x481.jpg 856w" ></figure><div class="wp-block-media-text__content">
<p>During its over twenty-year history, the festival has undergone many transformations, including changing its name, graphic design and formula. It changed the date and experimented with changing venues (few people may remember that for two of its editions it was also held in Pszczyna or that for several years concerts were organized in various places in Wałbrzych: such as the Town Hall, the Evangelical Church, a hospital or, for example, in the library in Świebodzice).</p>
</div></div>



<p>The festival adapts to the needs, conditions and possibilities. However, one thing has not changed and will never change: the sense of mission. The desire to share beauty, meet in a unique atmosphere, experience beautiful music and make sure that there is “something else” in our lives, “something” beyond the ordinariness of everyday existence.</p>



<p>From 2023 Princess Daisy Festival&#8217;s main organizer is the Sudeten Philharmonic in Wałbrzych.</p>



<p><strong>Festival&#8217;s artistic director: Marcin Markowicz</strong></p>



<h4 id="22nd-princess-daisy-festival-2025-programme" class="wp-block-heading">22nd Princess Daisy Festival (2025) &#8211; programme</h4>



<p><strong>I. INAUGURATION CONCERT<br>26.06.2025, Thursday, 7pm</strong><br>Wałbrzych, Sudeten Philharmonic<br><strong>Inauguration concert – Mysterium musicum</strong></p>



<p><strong>Performers:<br>Agnieszka Franków-Żelazny</strong> – conductor<br><strong>Anna Bernacka</strong> – mezzo-soprano<br><strong>Sudeten Philharmonic String Orchestra</strong><br><strong>Polifonija Choir</strong> (Szawle, Lithuania)<br><strong>Linas Balandis</strong> – choir preparation</p>



<p><strong>Programme:<br>Sven-David Sandström </strong>— Missa Brevis for mezzo-soprano, mixed choir and string orchestra (37’)<br><em>Kyrie eleison (I, III)<br>Christe eleison<br>Gloria in excelsis Deo<br>Et in terra pax<br>Laudamus te<br>Gratias agimus tibi<br>Domine Deus<br>Qui tollis peccata mundi<br>Qui sedes ad dexteram Patris<br>Quinam tu solus sanctus<br>Cum sancto spiritu<br>Sanctus<br>Osanna in excelsis<br>Benedictus<br>Osanna repetatur<br>Agnus Dei<br>Dona nobis pacem<br></em><strong>Krzysztof Penderecki/Boris Pergamenschikow </strong>— <em>Agnus Dei</em> from <em>Polish Requiem </em>for string orchestra (8’)</p>



<p><strong>II. MUSICAL PLAY<br>27.06.2025, Friday, 5pm</strong><br>Wałbrzych, Puppet and Actor Theatre<br><strong>Musical play – Da Capo al Fine (written &amp; directed by Cezary Kosiński)</strong></p>



<p><strong>Performers:<br>Cezary Kosiński</strong> – Cezary<br><strong>Anna Lobedan</strong> – Ania<br><strong>Marcin Markowicz</strong> – musical setting</p>



<p><strong>III. CHAMBER CONCERT<br>27.06.2025, Friday, 8pm</strong><br>Wałbrzych, Sudeten Philharmonic<br><strong>Chamber concert – <em>In a harmony of dialogue</em></strong></p>



<p><strong>Performers:<br>Szymon Krzeszowiec</strong> – violin<br><strong>Marcin Markowicz</strong> – violin<br><strong>Maurycy Stawujak</strong> – piano</p>



<p><strong>Programme:<br>Béla Bartók</strong> – 44 duets for two violins Sz. 98 (a selection) (30′)<br><strong>Maurycy Moszkowski</strong> — Suite for two violins and a piano in G major op. 71 (20′)<br><strong>Dymitr Szostakowicz</strong> — a selection of compositions for two violins and a piano (7′)</p>



<p><strong>IV. MUSICAL PLAY<br>28.06.2025, Saturday, 12pm</strong><br>Sokołowsko, Zdrowie Movie Theater<br><strong>Musical Play – Da Capo al Fine (written and directed by Cezary Kosiński)</strong></p>



<p><strong>Perfomers:<br>Cezary Kosiński</strong> – Cezary<br><strong>Anna Lobedan</strong> – Ania<br><strong>Marcin Markowicz</strong> – musical setting</p>



<p><strong>V. BIRTHDAY CONCERT<br>28.06.2025, Saturday, 6 pm</strong><br>Wałbrzych, Sudeten Philharmonic<br><strong>Masters of Chamber Music: Music from the Turn of the Century</strong></p>



<p><strong>Performers:</strong><br><strong>Jakub Jakowicz</strong>&nbsp;– violin<br><strong>Katarzyna Budnik</strong>&nbsp;– viola<br><strong>Marcin Zdunik</strong>&nbsp;– cello<br><strong>Grzegorz Mania</strong>&nbsp;– piano</p>



<p><strong>Programme:</strong><br><strong>Władysław Żeleński</strong> – Piano Quartet in C minor op. 61 (36’)<br><em>Allegro con brio</em><br><em>Romanza. Andante sostenuto</em><br><em>Intermezzo. Allegretto</em><br><em>Finale. Allegro appassionato</em><br><strong>Xaver Scharwenka</strong> – Piano Quartet in F major op. 37 (40′)<br><em>Allegro moderato</em><br><em>Adagio</em><br><em>Allegro vivace</em><br><em>Allegro con fuoco</em></p>



<p><strong>VI. AUDIOVISUAL CONCERT<br>29.06.2025, Sunday, 12pm</strong><br>Wałbrzych, Puppet and Actor Theater<br><strong>Audiovisual concert – Nowy Teatr Youth Orchestra. Consonances</strong></p>



<p><strong>Performers:<br>MONT – Nowy Teatr Youth Orchestra</strong><br><strong>Dagna Sadkowska</strong> – conductor<br><strong>Sean Palmer</strong> – director, audiovisual effects coordinator</p>



<p><strong>Programme:<br></strong>Original scores and improvisations to animated films</p>



<p><strong>VII. WORKSHOPS<br>29.06.2025, Sunday, 1pm</strong><br>Wałbrzych, Puppet and Actor Theatre<br><strong>Workshops – SOLAR. Music for a bright future</strong></p>



<p><strong>Sean Palmer</strong> – instructor<br><strong>Dagna Sadkowska</strong> – instructor<br><strong>Edyta Ołdak</strong> – instructor</p>



<p><strong>VIII. FINAL CONCERT<br>29.06.2025, Sunday, 7pm</strong><br>Wałbrzych, Sudeten Philharmonic<br><strong>Final concert – Maniucha Bikont – Porządki</strong></p>



<p><strong>Performers:<br>Maniucha Bikont</strong> – vocals, baraban, tube, triangle<br><strong>Assaf Talmudi</strong> – accordion, synthesizer, computer, backing vocals<br><strong>Szczepan Pospieszalski</strong> – trumpet, synthesizer, backing vocals<br><strong>Ksawery Wójciński</strong> – double bass</p>



<p><strong>Programme:<br></strong>Compositions from Maniucha Bikont’s <em>Porządki</em> album</p>
