{"id":13291,"date":"2024-09-17T10:03:27","date_gmt":"2024-09-17T08:03:27","guid":{"rendered":"https:\/\/filharmoniasudecka.pl\/?page_id=13291"},"modified":"2025-01-16T11:51:10","modified_gmt":"2025-01-16T10:51:10","slug":"director","status":"publish","type":"page","link":"https:\/\/filharmoniasudecka.pl\/en\/director\/","title":{"rendered":"Director"},"content":{"rendered":"\n<h1 id=\"joanna-kawalec\" class=\"wp-block-heading\">Joanna Kawalec<\/h1>\n\n\n\n<div class=\"wp-block-media-text is-stacked-on-mobile\"><figure class=\"wp-block-media-text__media\"><img  loading=\"lazy\"  decoding=\"async\"  width=\"872\"  height=\"1024\"  src=\"data:image\/png;base64,iVBORw0KGgoAAAANSUhEUgAAAAEAAAABAQMAAAAl21bKAAAAA1BMVEUAAP+KeNJXAAAAAXRSTlMAQObYZgAAAAlwSFlzAAAOxAAADsQBlSsOGwAAAApJREFUCNdjYAAAAAIAAeIhvDMAAAAASUVORK5CYII=\"  alt=\"\"  class=\"wp-image-14006 size-full pk-lazyload\"  data-pk-sizes=\"auto\"  data-ls-sizes=\"auto, (max-width: 872px) 100vw, 872px\"  data-pk-src=\"https:\/\/filharmoniasudecka.pl\/wp-content\/uploads\/2024\/11\/DSC01588-JK-872x1024.png\"  data-pk-srcset=\"https:\/\/filharmoniasudecka.pl\/wp-content\/uploads\/2024\/11\/DSC01588-JK-872x1024.png 872w, https:\/\/filharmoniasudecka.pl\/wp-content\/uploads\/2024\/11\/DSC01588-JK-256x300.png 256w, https:\/\/filharmoniasudecka.pl\/wp-content\/uploads\/2024\/11\/DSC01588-JK-768x902.png 768w, https:\/\/filharmoniasudecka.pl\/wp-content\/uploads\/2024\/11\/DSC01588-JK-1309x1536.png 1309w, https:\/\/filharmoniasudecka.pl\/wp-content\/uploads\/2024\/11\/DSC01588-JK-1745x2048.png 1745w, https:\/\/filharmoniasudecka.pl\/wp-content\/uploads\/2024\/11\/DSC01588-JK-416x488.png 416w, https:\/\/filharmoniasudecka.pl\/wp-content\/uploads\/2024\/11\/DSC01588-JK-856x1005.png 856w, https:\/\/filharmoniasudecka.pl\/wp-content\/uploads\/2024\/11\/DSC01588-JK-1296x1521.png 1296w, https:\/\/filharmoniasudecka.pl\/wp-content\/uploads\/2024\/11\/DSC01588-JK-1320x1549.png 1320w\" ><\/figure><div class=\"wp-block-media-text__content\">\n<p>A graduate of the Faculty of Philology at the University of Wroc\u0142aw and postgraduate studies: Lean Management at the University of Economics in Wroc\u0142aw, and Internet Marketing at the University of Information Technology and Management in Rzesz\u00f3w.<\/p>\n\n\n\n<p>She has been involved with music and singing since childhood. She received her musical education at the Stanis\u0142aw Moniuszko Music School in Wa\u0142brzych in the cello class. Currently, an active chorister in the Tactus Sonus choir at the cathedral parish of St. Stanis\u0142aw and Wac\u0142aw in \u015awidnica and in the Mixed Choir of the Sudecka Philharmonic in Wa\u0142brzych.<\/p>\n<\/div><\/div>\n\n\n\n<p>An experienced manager associated with many different industries. She gained management experience in production plants, service companies, as well as sports facilities.<\/p>\n\n\n\n<p>In 2024, she started working at the Sudeten Philharmonic in Wa\u0142brzych as a Senior Specialist in the Event Organization and Promotion department. Shortly thereafter, she was appointed Deputy Head of the aforementioned Department.<\/p>\n\n\n\n<p>From January 2025, she took up the position of acting Director of the Sudeten Philharmonic.<\/p>\n\n\n\n<p><\/p>\n","protected":false},"excerpt":{"rendered":"Joanna Kawalec A graduate of the Faculty of Philology at the University of Wroc\u0142aw and postgraduate studies: Lean&hellip;\n","protected":false},"author":11,"featured_media":0,"parent":0,"menu_order":0,"comment_status":"closed","ping_status":"closed","template":"","meta":{"_price":"","_stock":"","_tribe_ticket_header":"","_tribe_default_ticket_provider":"","_ticket_start_date":"","_ticket_end_date":"","_tribe_ticket_show_description":"","_tribe_ticket_show_not_going":false,"_tribe_ticket_use_global_stock":"","_tribe_ticket_global_stock_level":"","_global_stock_mode":"","_global_stock_cap":"","_tribe_rsvp_for_event":"","_tribe_ticket_going_count":"","_tribe_ticket_not_going_count":"","_tribe_tickets_list":"[]","_tribe_ticket_has_attendee_info_fields":false,"csco_display_header_overlay":false,"csco_disable_site_padding":false,"csco_singular_sidebar":"","csco_page_header_type":"","csco_page_load_nextpost":"","csco_post_video_location":[],"csco_post_video_location_hash":"","csco_post_video_url":"","csco_post_video_bg_start_time":0,"csco_post_video_bg_end_time":0,"footnotes":""},"class_list":["post-13291","page","type-page","status-publish","cs-entry","cs-video-wrap"],"_links":{"self":[{"href":"https:\/\/filharmoniasudecka.pl\/en\/wp-json\/wp\/v2\/pages\/13291","targetHints":{"allow":["GET"]}}],"collection":[{"href":"https:\/\/filharmoniasudecka.pl\/en\/wp-json\/wp\/v2\/pages"}],"about":[{"href":"https:\/\/filharmoniasudecka.pl\/en\/wp-json\/wp\/v2\/types\/page"}],"author":[{"embeddable":true,"href":"https:\/\/filharmoniasudecka.pl\/en\/wp-json\/wp\/v2\/users\/11"}],"replies":[{"embeddable":true,"href":"https:\/\/filharmoniasudecka.pl\/en\/wp-json\/wp\/v2\/comments?post=13291"}],"version-history":[{"count":5,"href":"https:\/\/filharmoniasudecka.pl\/en\/wp-json\/wp\/v2\/pages\/13291\/revisions"}],"predecessor-version":[{"id":14654,"href":"https:\/\/filharmoniasudecka.pl\/en\/wp-json\/wp\/v2\/pages\/13291\/revisions\/14654"}],"wp:attachment":[{"href":"https:\/\/filharmoniasudecka.pl\/en\/wp-json\/wp\/v2\/media?parent=13291"}],"curies":[{"name":"wp","href":"https:\/\/api.w.org\/{rel}","templated":true}]}}

<h1 id="joanna-kawalec" class="wp-block-heading">Joanna Kawalec</h1>



<div class="wp-block-media-text is-stacked-on-mobile"><figure class="wp-block-media-text__media"><img  loading="lazy"  decoding="async"  width="872"  height="1024"  src="data:image/png;base64,iVBORw0KGgoAAAANSUhEUgAAAAEAAAABAQMAAAAl21bKAAAAA1BMVEUAAP+KeNJXAAAAAXRSTlMAQObYZgAAAAlwSFlzAAAOxAAADsQBlSsOGwAAAApJREFUCNdjYAAAAAIAAeIhvDMAAAAASUVORK5CYII="  alt=""  class="wp-image-14006 size-full pk-lazyload"  data-pk-sizes="auto"  data-ls-sizes="auto, (max-width: 872px) 100vw, 872px"  data-pk-src="https://filharmoniasudecka.pl/wp-content/uploads/2024/11/DSC01588-JK-872x1024.png"  data-pk-srcset="https://filharmoniasudecka.pl/wp-content/uploads/2024/11/DSC01588-JK-872x1024.png 872w, https://filharmoniasudecka.pl/wp-content/uploads/2024/11/DSC01588-JK-256x300.png 256w, https://filharmoniasudecka.pl/wp-content/uploads/2024/11/DSC01588-JK-768x902.png 768w, https://filharmoniasudecka.pl/wp-content/uploads/2024/11/DSC01588-JK-1309x1536.png 1309w, https://filharmoniasudecka.pl/wp-content/uploads/2024/11/DSC01588-JK-1745x2048.png 1745w, https://filharmoniasudecka.pl/wp-content/uploads/2024/11/DSC01588-JK-416x488.png 416w, https://filharmoniasudecka.pl/wp-content/uploads/2024/11/DSC01588-JK-856x1005.png 856w, https://filharmoniasudecka.pl/wp-content/uploads/2024/11/DSC01588-JK-1296x1521.png 1296w, https://filharmoniasudecka.pl/wp-content/uploads/2024/11/DSC01588-JK-1320x1549.png 1320w" ></figure><div class="wp-block-media-text__content">
<p>A graduate of the Faculty of Philology at the University of Wrocław and postgraduate studies: Lean Management at the University of Economics in Wrocław, and Internet Marketing at the University of Information Technology and Management in Rzeszów.</p>



<p>She has been involved with music and singing since childhood. She received her musical education at the Stanisław Moniuszko Music School in Wałbrzych in the cello class. Currently, an active chorister in the Tactus Sonus choir at the cathedral parish of St. Stanisław and Wacław in Świdnica and in the Mixed Choir of the Sudecka Philharmonic in Wałbrzych.</p>
</div></div>



<p>An experienced manager associated with many different industries. She gained management experience in production plants, service companies, as well as sports facilities.</p>



<p>In 2024, she started working at the Sudeten Philharmonic in Wałbrzych as a Senior Specialist in the Event Organization and Promotion department. Shortly thereafter, she was appointed Deputy Head of the aforementioned Department.</p>



<p>From January 2025, she took up the position of acting Director of the Sudeten Philharmonic.</p>



<p></p>

Joanna Kawalec A graduate of the Faculty of Philology at the University of Wrocław and postgraduate studies: Lean&hellip;
