{"id":13339,"date":"2024-06-20T14:44:10","date_gmt":"2024-06-20T12:44:10","guid":{"rendered":"https:\/\/filharmoniasudecka.pl\/?post_type=tribe_events&#038;p=13339"},"modified":"2025-03-20T14:44:06","modified_gmt":"2025-03-20T13:44:06","slug":"family-concert-at-the-sudeten-philharmonic-songs-of-our-childhood","status":"publish","type":"tribe_events","link":"https:\/\/filharmoniasudecka.pl\/en\/event\/family-concert-at-the-sudeten-philharmonic-songs-of-our-childhood\/","title":{"rendered":"Family Concert at the Sudeten Philharmonic: Songs of Our Childhood"},"content":{"rendered":"<p><strong>1.06.2025, Sunday, 11 am<\/strong><br \/>\nSudeten Philharmonic<br \/>\n<strong>Family Concert at the Sudeten Philharmonic: The Songs of Our Childhood<\/strong><\/p>\n<p><strong>Programme:<\/strong><br \/>\nSongs arranged by <strong>Tomasz Krezymon:<\/strong><br \/>\n\u201eKaruzela\u201d, \u201eKurki trzy\u201d, \u201eK\u00f3\u0142ko graniaste\u201d, \u201eOjciec Wirgiliusz\u201d, \u201eChodzi lisek\u201d, \u201eTa\u0144czymy labada\u201d, \u201eJag\u00f3dki\u201d, \u201eNa Wojtusia\u201d, \u201eMam chusteczk\u0119\u201d, \u201eJad\u0105, jad\u0105 misie\u201d, \u201eTa Dorotka\u201d, \u201eNie chc\u0119 ci\u0119 zna\u0107\u201d, \u201eMy jeste\u015bmy krasnoludki\u201d, \u201eW murowanej piwnicy\u201d, \u201eGdzie\u017ce\u015b ty bywa\u0142\u201d, \u201eZachod\u017a\u017ce s\u0142oneczko\u201d<\/p>\n<p><strong>Performers: <\/strong><br \/>\n<strong>Tomasz Krezymon<\/strong> \u2013 piano, arrangements, music direction<br \/>\n<strong>Pawe\u0142 Maruszak<\/strong> \u2013 drums<br \/>\n<strong>Marcin Olak<\/strong> \u2013 guitar<br \/>\n<strong>Pawe\u0142 Bomert<\/strong> \u2013 bass guitar<br \/>\n<strong>Paulina Mogielska<\/strong> \u2013 soloist<br \/>\n<strong>Sudeten Philharmonic Children\u2019s Choir<\/strong><br \/>\n<strong>Anna Kupczy\u0144ska<\/strong> \u2013 conductor<br \/>\n<strong>Katarzyna Rado\u0144<\/strong> \u2013 choir preparation<br \/>\n<strong>Musicians of the Sudeten Philharmonic<br \/>\n<\/strong>guest appearance:<br \/>\n<strong>Ida Krezymon <\/strong>\u2013 vocals<\/p>\n<p>Polish pop songs known to all children, their parents and grandparents, passed from one generation to another, in various musical styles: swing, jazz, salsa, rock. Songs with which you can have a party in full swing \u2013 have fun with us!<\/p>\n<p><strong>Duration:<\/strong> 60\u2019<br \/>\n<strong>Tickets:<\/strong> 20 PLN<\/p>\n","protected":false},"excerpt":{"rendered":"1.06.2025, Sunday, 11 am Sudeten Philharmonic Family Concert at the Sudeten Philharmonic: The Songs of Our Childhood Programme:&hellip;\n","protected":false},"author":11,"featured_media":12083,"template":"","meta":{"_price":"","_stock":"","_tribe_ticket_header":"","_tribe_default_ticket_provider":"","_ticket_start_date":"","_ticket_end_date":"","_tribe_ticket_show_description":"","_tribe_ticket_show_not_going":false,"_tribe_ticket_use_global_stock":"","_tribe_ticket_global_stock_level":"","_global_stock_mode":"","_global_stock_cap":"","_tribe_rsvp_for_event":"","_tribe_ticket_going_count":"","_tribe_ticket_not_going_count":"","_tribe_tickets_list":"[]","_tribe_ticket_has_attendee_info_fields":false,"_tribe_events_status":"","_tribe_events_status_reason":"","_tribe_events_is_hybrid":"","_tribe_events_is_virtual":"","_tribe_events_virtual_video_source":"","_tribe_events_virtual_embed_video":"","_tribe_events_virtual_linked_button_text":"","_tribe_events_virtual_linked_button":"","_tribe_events_virtual_show_embed_at":"","_tribe_events_virtual_show_embed_to":[],"_tribe_events_virtual_show_on_event":"","_tribe_events_virtual_show_on_views":"","_tribe_events_virtual_url":"","footnotes":""},"tags":[],"tribe_events_cat":[],"class_list":["post-13339","tribe_events","type-tribe_events","status-publish","has-post-thumbnail","cs-entry","cs-video-wrap"],"_links":{"self":[{"href":"https:\/\/filharmoniasudecka.pl\/en\/wp-json\/wp\/v2\/tribe_events\/13339","targetHints":{"allow":["GET"]}}],"collection":[{"href":"https:\/\/filharmoniasudecka.pl\/en\/wp-json\/wp\/v2\/tribe_events"}],"about":[{"href":"https:\/\/filharmoniasudecka.pl\/en\/wp-json\/wp\/v2\/types\/tribe_events"}],"author":[{"embeddable":true,"href":"https:\/\/filharmoniasudecka.pl\/en\/wp-json\/wp\/v2\/users\/11"}],"version-history":[{"count":6,"href":"https:\/\/filharmoniasudecka.pl\/en\/wp-json\/wp\/v2\/tribe_events\/13339\/revisions"}],"predecessor-version":[{"id":15352,"href":"https:\/\/filharmoniasudecka.pl\/en\/wp-json\/wp\/v2\/tribe_events\/13339\/revisions\/15352"}],"wp:featuredmedia":[{"embeddable":true,"href":"https:\/\/filharmoniasudecka.pl\/en\/wp-json\/wp\/v2\/media\/12083"}],"wp:attachment":[{"href":"https:\/\/filharmoniasudecka.pl\/en\/wp-json\/wp\/v2\/media?parent=13339"}],"wp:term":[{"taxonomy":"post_tag","embeddable":true,"href":"https:\/\/filharmoniasudecka.pl\/en\/wp-json\/wp\/v2\/tags?post=13339"},{"taxonomy":"tribe_events_cat","embeddable":true,"href":"https:\/\/filharmoniasudecka.pl\/en\/wp-json\/wp\/v2\/tribe_events_cat?post=13339"}],"curies":[{"name":"wp","href":"https:\/\/api.w.org\/{rel}","templated":true}]}}

<p><strong>1.06.2025, Sunday, 11 am</strong><br />
Sudeten Philharmonic<br />
<strong>Family Concert at the Sudeten Philharmonic: The Songs of Our Childhood</strong></p>
<p><strong>Programme:</strong><br />
Songs arranged by <strong>Tomasz Krezymon:</strong><br />
„Karuzela”, „Kurki trzy”, „Kółko graniaste”, „Ojciec Wirgiliusz”, „Chodzi lisek”, „Tańczymy labada”, „Jagódki”, „Na Wojtusia”, „Mam chusteczkę”, „Jadą, jadą misie”, „Ta Dorotka”, „Nie chcę cię znać”, „My jesteśmy krasnoludki”, „W murowanej piwnicy”, „Gdzieżeś ty bywał”, „Zachodźże słoneczko”</p>
<p><strong>Performers: </strong><br />
<strong>Tomasz Krezymon</strong> – piano, arrangements, music direction<br />
<strong>Paweł Maruszak</strong> – drums<br />
<strong>Marcin Olak</strong> – guitar<br />
<strong>Paweł Bomert</strong> – bass guitar<br />
<strong>Paulina Mogielska</strong> – soloist<br />
<strong>Sudeten Philharmonic Children’s Choir</strong><br />
<strong>Anna Kupczyńska</strong> – conductor<br />
<strong>Katarzyna Radoń</strong> – choir preparation<br />
<strong>Musicians of the Sudeten Philharmonic<br />
</strong>guest appearance:<br />
<strong>Ida Krezymon </strong>– vocals</p>
<p>Polish pop songs known to all children, their parents and grandparents, passed from one generation to another, in various musical styles: swing, jazz, salsa, rock. Songs with which you can have a party in full swing – have fun with us!</p>
<p><strong>Duration:</strong> 60’<br />
<strong>Tickets:</strong> 20 PLN</p>
