{"id":17685,"date":"2025-06-20T13:00:42","date_gmt":"2025-06-20T11:00:42","guid":{"rendered":"https:\/\/filharmoniasudecka.pl\/?post_type=tribe_events&#038;p=17685"},"modified":"2025-11-27T15:38:48","modified_gmt":"2025-11-27T14:38:48","slug":"ending-an-era","status":"publish","type":"tribe_events","link":"https:\/\/filharmoniasudecka.pl\/en\/event\/ending-an-era\/","title":{"rendered":"Ending an era"},"content":{"rendered":"<p><strong>05.12.2025, Friday, 7pm<br \/>\n<\/strong>Wa\u0142brzych, Filharmonia Sudecka<br \/>\n<strong>Ending an era<\/strong><\/p>\n<h4 id=\"performers\"><strong>Performers<\/strong><\/h4>\n<p><strong>Anna Su\u0142kowska-Migo\u0144<\/strong> \u2014 conductor<br \/>\n<b>Kenny Broberg <\/b>\u2014 piano<br \/>\n<strong>Sudeten Philharmonic Symphony Orchestra<\/strong><\/p>\n<h4 id=\"program\"><strong>Program<\/strong><\/h4>\n<p><strong>Xaver Scharwenka<\/strong>\u00a0\u2014 Piano Concerto No. 4 in F minor\u00a0 \u00a0 \u00a0(42\u2032)<br \/>\n<strong>Johannes Brahms<\/strong>\u00a0\u2014 Academic Festival Overture\u00a0 \u00a0 \u00a0(10\u2032)<\/p>\n<p><strong>Duration: <\/strong>70&#8242; (no intermission)<br \/>\n<strong>Tickets:<\/strong> 60 \/ 40 PLN<\/p>\n<p>&nbsp;<\/p>\n<p><a href=\"https:\/\/bilety.filharmoniasudecka.pl\/numerowane.html?id=305&amp;idt=911734c9318af99a596cccd365947354&amp;d=3\"><img  loading=\"lazy\"  decoding=\"async\"  class=\"alignright size-full wp-image-18298 pk-lazyload\"  src=\"data:image\/png;base64,iVBORw0KGgoAAAANSUhEUgAAAAEAAAABAQMAAAAl21bKAAAAA1BMVEUAAP+KeNJXAAAAAXRSTlMAQObYZgAAAAlwSFlzAAAOxAAADsQBlSsOGwAAAApJREFUCNdjYAAAAAIAAeIhvDMAAAAASUVORK5CYII=\"  alt=\"\"  width=\"139\"  height=\"60\"  data-pk-sizes=\"auto\"  data-pk-src=\"https:\/\/filharmoniasudecka.pl\/wp-content\/uploads\/2025\/11\/button_kup-bilet.png\" ><\/a><\/p>\n","protected":false},"excerpt":{"rendered":"05.12.2025, Friday, 7pm Wa\u0142brzych, Filharmonia Sudecka Ending an era Performers Anna Su\u0142kowska-Migo\u0144 \u2014 conductor Kenny Broberg \u2014 piano&hellip;\n","protected":false},"author":16,"featured_media":18107,"template":"","meta":{"_price":"","_stock":"","_tribe_ticket_header":"","_tribe_default_ticket_provider":"","_ticket_start_date":"","_ticket_end_date":"","_tribe_ticket_show_description":"","_tribe_ticket_show_not_going":false,"_tribe_ticket_use_global_stock":"","_tribe_ticket_global_stock_level":"","_global_stock_mode":"","_global_stock_cap":"","_tribe_rsvp_for_event":"","_tribe_ticket_going_count":"","_tribe_ticket_not_going_count":"","_tribe_tickets_list":"[]","_tribe_ticket_has_attendee_info_fields":false,"_tribe_events_status":"","_tribe_events_status_reason":"","_tribe_events_is_hybrid":"","_tribe_events_is_virtual":"","_tribe_events_virtual_video_source":"","_tribe_events_virtual_embed_video":"","_tribe_events_virtual_linked_button_text":"","_tribe_events_virtual_linked_button":"","_tribe_events_virtual_show_embed_at":"","_tribe_events_virtual_show_embed_to":[],"_tribe_events_virtual_show_on_event":"","_tribe_events_virtual_show_on_views":"","_tribe_events_virtual_url":"","footnotes":""},"tags":[],"tribe_events_cat":[],"class_list":["post-17685","tribe_events","type-tribe_events","status-publish","has-post-thumbnail","cs-entry","cs-video-wrap"],"_links":{"self":[{"href":"https:\/\/filharmoniasudecka.pl\/en\/wp-json\/wp\/v2\/tribe_events\/17685","targetHints":{"allow":["GET"]}}],"collection":[{"href":"https:\/\/filharmoniasudecka.pl\/en\/wp-json\/wp\/v2\/tribe_events"}],"about":[{"href":"https:\/\/filharmoniasudecka.pl\/en\/wp-json\/wp\/v2\/types\/tribe_events"}],"author":[{"embeddable":true,"href":"https:\/\/filharmoniasudecka.pl\/en\/wp-json\/wp\/v2\/users\/16"}],"version-history":[{"count":3,"href":"https:\/\/filharmoniasudecka.pl\/en\/wp-json\/wp\/v2\/tribe_events\/17685\/revisions"}],"predecessor-version":[{"id":18306,"href":"https:\/\/filharmoniasudecka.pl\/en\/wp-json\/wp\/v2\/tribe_events\/17685\/revisions\/18306"}],"wp:featuredmedia":[{"embeddable":true,"href":"https:\/\/filharmoniasudecka.pl\/en\/wp-json\/wp\/v2\/media\/18107"}],"wp:attachment":[{"href":"https:\/\/filharmoniasudecka.pl\/en\/wp-json\/wp\/v2\/media?parent=17685"}],"wp:term":[{"taxonomy":"post_tag","embeddable":true,"href":"https:\/\/filharmoniasudecka.pl\/en\/wp-json\/wp\/v2\/tags?post=17685"},{"taxonomy":"tribe_events_cat","embeddable":true,"href":"https:\/\/filharmoniasudecka.pl\/en\/wp-json\/wp\/v2\/tribe_events_cat?post=17685"}],"curies":[{"name":"wp","href":"https:\/\/api.w.org\/{rel}","templated":true}]}}

<p><strong>05.12.2025, Friday, 7pm<br />
</strong>Wałbrzych, Filharmonia Sudecka<br />
<strong>Ending an era</strong></p>
<h4 id="performers"><strong>Performers</strong></h4>
<p><strong>Anna Sułkowska-Migoń</strong> — conductor<br />
<b>Kenny Broberg </b>— piano<br />
<strong>Sudeten Philharmonic Symphony Orchestra</strong></p>
<h4 id="program"><strong>Program</strong></h4>
<p><strong>Xaver Scharwenka</strong> — Piano Concerto No. 4 in F minor     (42′)<br />
<strong>Johannes Brahms</strong> — Academic Festival Overture     (10′)</p>
<p><strong>Duration: </strong>70&#8242; (no intermission)<br />
<strong>Tickets:</strong> 60 / 40 PLN</p>
<p>&nbsp;</p>
<p><a href="https://bilety.filharmoniasudecka.pl/numerowane.html?id=305&amp;idt=911734c9318af99a596cccd365947354&amp;d=3"><img  loading="lazy"  decoding="async"  class="alignright size-full wp-image-18298 pk-lazyload"  src="data:image/png;base64,iVBORw0KGgoAAAANSUhEUgAAAAEAAAABAQMAAAAl21bKAAAAA1BMVEUAAP+KeNJXAAAAAXRSTlMAQObYZgAAAAlwSFlzAAAOxAAADsQBlSsOGwAAAApJREFUCNdjYAAAAAIAAeIhvDMAAAAASUVORK5CYII="  alt=""  width="139"  height="60"  data-pk-sizes="auto"  data-pk-src="https://filharmoniasudecka.pl/wp-content/uploads/2025/11/button_kup-bilet.png" ></a></p>

05.12.2025, Friday, 7pm Wałbrzych, Filharmonia Sudecka Ending an era Performers Anna Sułkowska-Migoń — conductor Kenny Broberg — piano&hellip;
