{"id":17738,"date":"2025-06-20T13:00:27","date_gmt":"2025-06-20T11:00:27","guid":{"rendered":"https:\/\/filharmoniasudecka.pl\/?post_type=tribe_events&#038;p=17738"},"modified":"2026-01-13T11:32:53","modified_gmt":"2026-01-13T10:32:53","slug":"bona-sforza-daragona","status":"publish","type":"tribe_events","link":"https:\/\/filharmoniasudecka.pl\/en\/event\/bona-sforza-daragona\/","title":{"rendered":"\u017bmijewscy, Stankiewicz: Bona Sforza d&#8217;Aragona"},"content":{"rendered":"<p><strong>31.01.2026, Saturday, 6pm<br \/>\n<\/strong>Wa\u0142brzych, Filharmonia Sudecka<br \/>\n<strong>\u017bmijewscy, Stankiewicz: Bona Sforza d&#8217;Aragona<\/strong><\/p>\n<h4 id=\"performers\"><strong>Performers<\/strong><\/h4>\n<p><a href=\"https:\/\/filharmoniasudecka.pl\/kuba-stankiewicz\/\"><b>Kuba Stankiewicz<\/b><\/a> \u2014 music, piano<b><br \/>\nArtur \u017bmijewski<\/b> \u2014 narration, vocals<b><br \/>\nEwa \u017bmijewska<\/b> \u2014 vocals<b><br \/>\n<a href=\"https:\/\/filharmoniasudecka.pl\/wojciech-pulcyn\/\">Wojciech Pulcyn<\/a><\/b> \u2014 double bass<b><br \/>\n<a href=\"https:\/\/filharmoniasudecka.pl\/sebastian-frankiewicz\/\">Sebastian Frankiewicz<\/a><\/b> \u2014 percussion<b><br \/>\nMicha\u0142 Zab\u0142ocki<\/b> \u2014 script, libretto and direction<\/p>\n<h4 id=\"program\"><strong>Program<\/strong><\/h4>\n<p class=\"cgHgbA nxe3IQ Xp24Nw\"><em>Bona Sforza d&#8217;Aragona, czyli jak zacz\u0119\u0142a i sko\u0144czy\u0142a polska kr\u00f3lowa<\/em><br \/>\nScript, libretto and direction: Micha\u0142 Zab\u0142ocki<br \/>\nMusic: Kuba Stankiewicz<\/p>\n<p><strong>Duration: <\/strong>70&#8242; (no intermission)<br \/>\n<strong>Tickets:<\/strong> 80 \/ 60 PLN<\/p>\n<p><a href=\"https:\/\/bilety.filharmoniasudecka.pl\/numerowane.html?id=322&amp;idt=61f4e8c7a0cc04e1583c0ea4d8643140&amp;d=3\"><img  loading=\"lazy\"  decoding=\"async\"  class=\"alignright size-full wp-image-18298 pk-lazyload\"  src=\"data:image\/png;base64,iVBORw0KGgoAAAANSUhEUgAAAAEAAAABAQMAAAAl21bKAAAAA1BMVEUAAP+KeNJXAAAAAXRSTlMAQObYZgAAAAlwSFlzAAAOxAAADsQBlSsOGwAAAApJREFUCNdjYAAAAAIAAeIhvDMAAAAASUVORK5CYII=\"  alt=\"\"  width=\"139\"  height=\"60\"  data-pk-sizes=\"auto\"  data-pk-src=\"https:\/\/filharmoniasudecka.pl\/wp-content\/uploads\/2025\/11\/button_kup-bilet.png\" ><\/a><\/p>\n<p>&nbsp;<\/p>\n<p>&nbsp;<\/p>\n<p>&nbsp;<\/p>\n<p>&nbsp;<\/p>\n","protected":false},"excerpt":{"rendered":"31.01.2026, Saturday, 6pm Wa\u0142brzych, Filharmonia Sudecka \u017bmijewscy, Stankiewicz: Bona Sforza d&#8217;Aragona Performers Kuba Stankiewicz \u2014 music, piano Artur&hellip;\n","protected":false},"author":16,"featured_media":18919,"template":"","meta":{"_price":"","_stock":"","_tribe_ticket_header":"","_tribe_default_ticket_provider":"","_ticket_start_date":"","_ticket_end_date":"","_tribe_ticket_show_description":"","_tribe_ticket_show_not_going":false,"_tribe_ticket_use_global_stock":"","_tribe_ticket_global_stock_level":"","_global_stock_mode":"","_global_stock_cap":"","_tribe_rsvp_for_event":"","_tribe_ticket_going_count":"","_tribe_ticket_not_going_count":"","_tribe_tickets_list":"[]","_tribe_ticket_has_attendee_info_fields":false,"_tribe_events_status":"","_tribe_events_status_reason":"","_tribe_events_is_hybrid":"","_tribe_events_is_virtual":"","_tribe_events_virtual_video_source":"","_tribe_events_virtual_embed_video":"","_tribe_events_virtual_linked_button_text":"","_tribe_events_virtual_linked_button":"","_tribe_events_virtual_show_embed_at":"","_tribe_events_virtual_show_embed_to":[],"_tribe_events_virtual_show_on_event":"","_tribe_events_virtual_show_on_views":"","_tribe_events_virtual_url":"","footnotes":""},"tags":[],"tribe_events_cat":[],"class_list":["post-17738","tribe_events","type-tribe_events","status-publish","has-post-thumbnail","cs-entry","cs-video-wrap"],"_links":{"self":[{"href":"https:\/\/filharmoniasudecka.pl\/en\/wp-json\/wp\/v2\/tribe_events\/17738","targetHints":{"allow":["GET"]}}],"collection":[{"href":"https:\/\/filharmoniasudecka.pl\/en\/wp-json\/wp\/v2\/tribe_events"}],"about":[{"href":"https:\/\/filharmoniasudecka.pl\/en\/wp-json\/wp\/v2\/types\/tribe_events"}],"author":[{"embeddable":true,"href":"https:\/\/filharmoniasudecka.pl\/en\/wp-json\/wp\/v2\/users\/16"}],"version-history":[{"count":3,"href":"https:\/\/filharmoniasudecka.pl\/en\/wp-json\/wp\/v2\/tribe_events\/17738\/revisions"}],"predecessor-version":[{"id":18823,"href":"https:\/\/filharmoniasudecka.pl\/en\/wp-json\/wp\/v2\/tribe_events\/17738\/revisions\/18823"}],"wp:featuredmedia":[{"embeddable":true,"href":"https:\/\/filharmoniasudecka.pl\/en\/wp-json\/wp\/v2\/media\/18919"}],"wp:attachment":[{"href":"https:\/\/filharmoniasudecka.pl\/en\/wp-json\/wp\/v2\/media?parent=17738"}],"wp:term":[{"taxonomy":"post_tag","embeddable":true,"href":"https:\/\/filharmoniasudecka.pl\/en\/wp-json\/wp\/v2\/tags?post=17738"},{"taxonomy":"tribe_events_cat","embeddable":true,"href":"https:\/\/filharmoniasudecka.pl\/en\/wp-json\/wp\/v2\/tribe_events_cat?post=17738"}],"curies":[{"name":"wp","href":"https:\/\/api.w.org\/{rel}","templated":true}]}}

Żmijewscy, Stankiewicz: Bona Sforza d&#8217;Aragona

<p><strong>31.01.2026, Saturday, 6pm<br />
</strong>Wałbrzych, Filharmonia Sudecka<br />
<strong>Żmijewscy, Stankiewicz: Bona Sforza d&#8217;Aragona</strong></p>
<h4 id="performers"><strong>Performers</strong></h4>
<p><a href="https://filharmoniasudecka.pl/kuba-stankiewicz/"><b>Kuba Stankiewicz</b></a> — music, piano<b><br />
Artur Żmijewski</b> — narration, vocals<b><br />
Ewa Żmijewska</b> — vocals<b><br />
<a href="https://filharmoniasudecka.pl/wojciech-pulcyn/">Wojciech Pulcyn</a></b> — double bass<b><br />
<a href="https://filharmoniasudecka.pl/sebastian-frankiewicz/">Sebastian Frankiewicz</a></b> — percussion<b><br />
Michał Zabłocki</b> — script, libretto and direction</p>
<h4 id="program"><strong>Program</strong></h4>
<p class="cgHgbA nxe3IQ Xp24Nw"><em>Bona Sforza d&#8217;Aragona, czyli jak zaczęła i skończyła polska królowa</em><br />
Script, libretto and direction: Michał Zabłocki<br />
Music: Kuba Stankiewicz</p>
<p><strong>Duration: </strong>70&#8242; (no intermission)<br />
<strong>Tickets:</strong> 80 / 60 PLN</p>
<p><a href="https://bilety.filharmoniasudecka.pl/numerowane.html?id=322&amp;idt=61f4e8c7a0cc04e1583c0ea4d8643140&amp;d=3"><img  loading="lazy"  decoding="async"  class="alignright size-full wp-image-18298 pk-lazyload"  src="data:image/png;base64,iVBORw0KGgoAAAANSUhEUgAAAAEAAAABAQMAAAAl21bKAAAAA1BMVEUAAP+KeNJXAAAAAXRSTlMAQObYZgAAAAlwSFlzAAAOxAAADsQBlSsOGwAAAApJREFUCNdjYAAAAAIAAeIhvDMAAAAASUVORK5CYII="  alt=""  width="139"  height="60"  data-pk-sizes="auto"  data-pk-src="https://filharmoniasudecka.pl/wp-content/uploads/2025/11/button_kup-bilet.png" ></a></p>
<p>&nbsp;</p>
<p>&nbsp;</p>
<p>&nbsp;</p>
<p>&nbsp;</p>

31.01.2026, Saturday, 6pm Wałbrzych, Filharmonia Sudecka Żmijewscy, Stankiewicz: Bona Sforza d&#8217;Aragona Performers Kuba Stankiewicz — music, piano Artur&hellip;
