{"id":17747,"date":"2025-06-18T10:00:46","date_gmt":"2025-06-18T08:00:46","guid":{"rendered":"https:\/\/filharmoniasudecka.pl\/?post_type=tribe_events&#038;p=17747"},"modified":"2026-01-14T13:50:53","modified_gmt":"2026-01-14T12:50:53","slug":"3-brass-plus-festival-seweryn-krajewski-melodies","status":"publish","type":"tribe_events","link":"https:\/\/filharmoniasudecka.pl\/en\/event\/3-brass-plus-festival-seweryn-krajewski-melodies\/","title":{"rendered":"3. Brass Plus Festival: Seweryn Krajewski melodies"},"content":{"rendered":"<p><strong>21.02.2026, Saturday, 6pm<br \/>\n<\/strong>Wa\u0142brzych, Filharmonia Sudecka<br \/>\n<strong>3. Brass Plus Festival: Seweryn Krajewski melodies<\/strong><\/p>\n<h4 id=\"performers\"><strong>Performers<\/strong><\/h4>\n<p><b>UNICORN band:<br \/>\nSylwia Waindok <\/b>\u2014 flute<b><br \/>\nAnna Mondry <\/b>\u2014 French horn<b><br \/>\nTomasz Krezymon <\/b>\u2014 piano<br \/>\n<strong>Kornel Jasi\u0144ski<\/strong> \u2014 double bass<\/p>\n<p><strong>Granit Wind Orchestra<\/strong><\/p>\n<h4 id=\"program\"><strong>Program<\/strong><\/h4>\n<div dir=\"auto\">Seweryn Krajewski compositions:<em><br \/>\nNie \u017ca\u0142uj\u0119<\/em><\/div>\n<div dir=\"auto\"><em>Ko\u0142ysanka dla okruszka<\/em><\/div>\n<div dir=\"auto\"><em>Dozwolone od lat 18<\/em><\/div>\n<div dir=\"auto\"><em>Na kulawej naszej barce<\/em><\/div>\n<div dir=\"auto\"><em>Uciekam skoro \u015bwit\u00a0<\/em><\/div>\n<div dir=\"auto\"><em>Niech \u017cyje bal<\/em><\/div>\n<div dir=\"auto\"><em>Niebo z moich stron<\/em><\/div>\n<div dir=\"auto\"><em>Pogoda na szcz\u0119\u015bcie<\/em><\/div>\n<div dir=\"auto\"><em>Sama chcia\u0142a<\/em><\/div>\n<div dir=\"auto\"><em>Baw mnie<\/em><\/div>\n<div dir=\"auto\"><em>Ci\u0105gle pada<\/em><\/div>\n<div dir=\"auto\"><em>Nie spoczniemy<\/em><\/div>\n<div dir=\"auto\"><em>Tak bardzo si\u0119 stara\u0142em<\/em><\/div>\n<div dir=\"auto\"><em>Nie zadzieraj nosa<\/em><\/div>\n<p>&nbsp;<\/p>\n<p><strong>Duration: <\/strong>60&#8242; (no intermission)<br \/>\n<strong>Tickets:<\/strong> 40 \/ 20 PLN<\/p>\n<p>&nbsp;<\/p>\n<p><a href=\"https:\/\/bilety.filharmoniasudecka.pl\/numerowane.html?id=327&amp;idt=0cd962af7df402d60998e3b6f5706636&amp;d=3\"><img  loading=\"lazy\"  decoding=\"async\"  class=\"alignright size-full wp-image-18298 pk-lazyload\"  src=\"data:image\/png;base64,iVBORw0KGgoAAAANSUhEUgAAAAEAAAABAQMAAAAl21bKAAAAA1BMVEUAAP+KeNJXAAAAAXRSTlMAQObYZgAAAAlwSFlzAAAOxAAADsQBlSsOGwAAAApJREFUCNdjYAAAAAIAAeIhvDMAAAAASUVORK5CYII=\"  alt=\"\"  width=\"139\"  height=\"60\"  data-pk-sizes=\"auto\"  data-pk-src=\"https:\/\/filharmoniasudecka.pl\/wp-content\/uploads\/2025\/11\/button_kup-bilet.png\" ><\/a><\/p>\n","protected":false},"excerpt":{"rendered":"21.02.2026, Saturday, 6pm Wa\u0142brzych, Filharmonia Sudecka 3. Brass Plus Festival: Seweryn Krajewski melodies Performers UNICORN band: Sylwia Waindok&hellip;\n","protected":false},"author":16,"featured_media":19203,"template":"","meta":{"_price":"","_stock":"","_tribe_ticket_header":"","_tribe_default_ticket_provider":"","_ticket_start_date":"","_ticket_end_date":"","_tribe_ticket_show_description":"","_tribe_ticket_show_not_going":false,"_tribe_ticket_use_global_stock":"","_tribe_ticket_global_stock_level":"","_global_stock_mode":"","_global_stock_cap":"","_tribe_rsvp_for_event":"","_tribe_ticket_going_count":"","_tribe_ticket_not_going_count":"","_tribe_tickets_list":"[]","_tribe_ticket_has_attendee_info_fields":false,"_tribe_events_status":"","_tribe_events_status_reason":"","_tribe_events_is_hybrid":"","_tribe_events_is_virtual":"","_tribe_events_virtual_video_source":"","_tribe_events_virtual_embed_video":"","_tribe_events_virtual_linked_button_text":"","_tribe_events_virtual_linked_button":"","_tribe_events_virtual_show_embed_at":"","_tribe_events_virtual_show_embed_to":[],"_tribe_events_virtual_show_on_event":"","_tribe_events_virtual_show_on_views":"","_tribe_events_virtual_url":"","footnotes":""},"tags":[],"tribe_events_cat":[],"class_list":["post-17747","tribe_events","type-tribe_events","status-publish","has-post-thumbnail","cs-entry","cs-video-wrap"],"_links":{"self":[{"href":"https:\/\/filharmoniasudecka.pl\/en\/wp-json\/wp\/v2\/tribe_events\/17747","targetHints":{"allow":["GET"]}}],"collection":[{"href":"https:\/\/filharmoniasudecka.pl\/en\/wp-json\/wp\/v2\/tribe_events"}],"about":[{"href":"https:\/\/filharmoniasudecka.pl\/en\/wp-json\/wp\/v2\/types\/tribe_events"}],"author":[{"embeddable":true,"href":"https:\/\/filharmoniasudecka.pl\/en\/wp-json\/wp\/v2\/users\/16"}],"version-history":[{"count":5,"href":"https:\/\/filharmoniasudecka.pl\/en\/wp-json\/wp\/v2\/tribe_events\/17747\/revisions"}],"predecessor-version":[{"id":18885,"href":"https:\/\/filharmoniasudecka.pl\/en\/wp-json\/wp\/v2\/tribe_events\/17747\/revisions\/18885"}],"wp:featuredmedia":[{"embeddable":true,"href":"https:\/\/filharmoniasudecka.pl\/en\/wp-json\/wp\/v2\/media\/19203"}],"wp:attachment":[{"href":"https:\/\/filharmoniasudecka.pl\/en\/wp-json\/wp\/v2\/media?parent=17747"}],"wp:term":[{"taxonomy":"post_tag","embeddable":true,"href":"https:\/\/filharmoniasudecka.pl\/en\/wp-json\/wp\/v2\/tags?post=17747"},{"taxonomy":"tribe_events_cat","embeddable":true,"href":"https:\/\/filharmoniasudecka.pl\/en\/wp-json\/wp\/v2\/tribe_events_cat?post=17747"}],"curies":[{"name":"wp","href":"https:\/\/api.w.org\/{rel}","templated":true}]}}

<p><strong>21.02.2026, Saturday, 6pm<br />
</strong>Wałbrzych, Filharmonia Sudecka<br />
<strong>3. Brass Plus Festival: Seweryn Krajewski melodies</strong></p>
<h4 id="performers"><strong>Performers</strong></h4>
<p><b>UNICORN band:<br />
Sylwia Waindok </b>— flute<b><br />
Anna Mondry </b>— French horn<b><br />
Tomasz Krezymon </b>— piano<br />
<strong>Kornel Jasiński</strong> — double bass</p>
<p><strong>Granit Wind Orchestra</strong></p>
<h4 id="program"><strong>Program</strong></h4>
<div dir="auto">Seweryn Krajewski compositions:<em><br />
Nie żałuję</em></div>
<div dir="auto"><em>Kołysanka dla okruszka</em></div>
<div dir="auto"><em>Dozwolone od lat 18</em></div>
<div dir="auto"><em>Na kulawej naszej barce</em></div>
<div dir="auto"><em>Uciekam skoro świt </em></div>
<div dir="auto"><em>Niech żyje bal</em></div>
<div dir="auto"><em>Niebo z moich stron</em></div>
<div dir="auto"><em>Pogoda na szczęście</em></div>
<div dir="auto"><em>Sama chciała</em></div>
<div dir="auto"><em>Baw mnie</em></div>
<div dir="auto"><em>Ciągle pada</em></div>
<div dir="auto"><em>Nie spoczniemy</em></div>
<div dir="auto"><em>Tak bardzo się starałem</em></div>
<div dir="auto"><em>Nie zadzieraj nosa</em></div>
<p>&nbsp;</p>
<p><strong>Duration: </strong>60&#8242; (no intermission)<br />
<strong>Tickets:</strong> 40 / 20 PLN</p>
<p>&nbsp;</p>
<p><a href="https://bilety.filharmoniasudecka.pl/numerowane.html?id=327&amp;idt=0cd962af7df402d60998e3b6f5706636&amp;d=3"><img  loading="lazy"  decoding="async"  class="alignright size-full wp-image-18298 pk-lazyload"  src="data:image/png;base64,iVBORw0KGgoAAAANSUhEUgAAAAEAAAABAQMAAAAl21bKAAAAA1BMVEUAAP+KeNJXAAAAAXRSTlMAQObYZgAAAAlwSFlzAAAOxAAADsQBlSsOGwAAAApJREFUCNdjYAAAAAIAAeIhvDMAAAAASUVORK5CYII="  alt=""  width="139"  height="60"  data-pk-sizes="auto"  data-pk-src="https://filharmoniasudecka.pl/wp-content/uploads/2025/11/button_kup-bilet.png" ></a></p>

21.02.2026, Saturday, 6pm Wałbrzych, Filharmonia Sudecka 3. Brass Plus Festival: Seweryn Krajewski melodies Performers UNICORN band: Sylwia Waindok&hellip;
